t is 11 + -1 + 0 + (456 - 461)?
5
What is 0 - (-7 - (-24 + 12))?
-5
Evaluate (-18 - -4) + (-2 - -7) + -2.
-11
Evaluate 3 + -2 - (9 + (0 - (-3 + 3))).
-8
Evaluate 33 - (-5 + 12 - 4) - 10.
20
Calculate (-4 - 0) + (1 - -42) + -33.
6
What is the value of (-78 + 69 - (1 + -5)) + 14?
9
Evaluate 27 + (-6 - -2) + 5 - (-141 - -132).
37
-17 + 32 - 22 - (-9 + 0)
2
Evaluate 43 + -43 + (-3 - 13) + -2.
-18
What is (3 - 0) + -7 - (39 + -59)?
16
What is 9 + -1 - (-2 + (-12 - 1) + 12)?
11
Evaluate 6 - (16 + (2 - 13) - (6 - 1)).
6
Evaluate 7 + (-13 - -7) + (-3 - -11).
9
Evaluate -6 - (-3 + -29 - -40).
-14
Calculate -1 - (-6 + 2 + 17 + (5 - 4)).
-15
Calculate -291 - -286 - (2 - -12).
-19
What is the value of (557 - 528) + -35 + 1?
-5
-8 - -37 - (8 + (-10 + 0 - -7))
24
What is (-9 - -3) + (24 - 7)?
11
-11 + -44 + (5 - -18)
-32
Evaluate -9 + -2 - (-108 + 84).
13
What is the value of 3 - 2 - 3 - (4 - (1 - -8))?
3
What is the value of 3 + -9 + (0 - -7) + 0?
1
Evaluate 7 + 0 + (-6 - (12 - (5 + -2))).
-8
Evaluate 90 + -87 - (21 + -1).
-17
Evaluate 1 + (31 - (5 - -7) - 3).
17
17 + -16 + (0 + -4 - 4)
-7
What is the value of (24 - (-26 - -59)) + -10?
-19
Evaluate 7 + 9 + -25 - -25.
16
What is the value of (2 - (-3 - 2)) + -4 + (6 - -3)?
12
What is 8 + (2 + 0 - (6 - 6)) + -5?
5
Evaluate -11 + 268 + -277 + (4 - -1).
-15
7 + -16 + 5 + -4 + 0
-8
-28 + 101 + -30 + -51
-8
What is the value of -284 + 279 - (11 - 2)?
-14
What is the value of 5 + (-16 - -14) + -5 + -5 + 10?
3
What is 19 - 10 - (-6 + (25 - 2))?
-8
What is the value of 9 - (1 + -2 - -2) - (3 - -4)?
1
What is the value of 7 + 4 + 15 - 14?
12
What is 1 + 1 + (-11 + 12 - (10 - 1))?
-6
Calculate 2 + -5 + -11 + (-21 - -31).
-4
15 + -5 + 6 + 3 + 3 + 0
22
-7 + -32 - (66 - 98)
-7
Calculate -12 + -5 + 28 + -15.
-4
What is the value of (66 - 29) + -46 - -6?
-3
-1 + -5 + (-20 - -14) + 7 - -9
4
-8 + 9 + 1 + -5 + 2
-1
Calculate (2 - 33) + (17 - 1 - (59 + -51)).
-23
What is (49 - 44) + -1 + 0 + -15 - -6?
-5
What is the value of (1 - (-4 + -9)) + -6?
8
Evaluate 0 - -6 - (-9 + 1 + -18 + 18).
14
What is the value of 8 + 1 + -3 + (-5 + 29 - 20)?
10
Evaluate (0 + -9 - (-13 - 2)) + -2.
4
Evaluate 8 - 24 - -29 - 21.
-8
47 + -15 + (-17 - -3)
18
Calculate 0 + 4 - (13 + (8 - 11)).
-6
Evaluate -8 + 2 + 25 - (2 + (-4 - 9)).
30
Calculate 3 + 0 + 120 + -122.
1
Evaluate (6 - (9 + 2 - 3)) + -9.
-11
What is -5 + -1 + -14 + 26 + 4 - 5?
5
What is 7 + -6 - (5 - (-6 + 12)) - -7?
9
Calculate -6 + (37 - (39 - 15)).
7
(-10 - (0 - 7)) + 12 - 7
2
-7 - (-4 + -3 + -3) - 4
-1
What is the value of -2 - (19 - (-6 + 26))?
-1
What is (-11 - 2 - 3) + 1 - (12 + -5)?
-22
What is the value of (6 - (10 + -3)) + 7 + -12 + -3?
-9
59 + (-8 - 53) + 25
23
Evaluate -21 - (4 - 17 - 7).
-1
-20 + 3 + (61 - 41) + 0
3
What is -5 + 4 - 0 - (21 + -8 + -3)?
-11
Evaluate 5 + (-8 - 0 - (-8 - (8 + -12))).
1
What is (-2 + 2 - -5) + 8 + 3?
16
Evaluate 13 - (13 + -16 + 17).
-1
Calculate -56 + -1 + 674 + -645.
-28
Evaluate -3 + (5 + (1 - 8) - (-33 + 54)).
-26
What is 14 - (-3 - -10) - 2 - (6 + -7)?
6
0 - (24 + -9 - (8 - -3))
-4
26 - (0 + 1 + 2 + -1)
24
Evaluate 0 - (-7 + 14 - (9 + -1)).
1
-18 + (19 - 2 - 17)
-18
What is 4 - ((1 - -2) + 5) - (-12 + -2)?
10
What is the value of -18 + -16 + 39 + -1 + 1 + 3?
8
Evaluate (-5 - 3) + (-10 - (-8 + 0)).
-10
(-2 - (-4 + 2)) + 2 + -47 + 44
-1
What is the value of (-11 - -8 - (58 + (-9 - 3))) + 9?
-40
Evaluate -7 - ((8 - (7 - 4)) + 5 - -2).
-19
Calculate 16 + (9 - 6 - (0 - 0) - 1).
18
What is (-9 + 14 - (-1 - -4)) + 14?
16
What is the value of (-9 - (-10 + 21 - 8)) + -8?
-20
Evaluate -33 + (-8 - -32) - -28.
19
What is the value of 9 + 3 + -13 + 6 + 6 + -3?
8
What is the value of -12 + 6 + 22 + -27?
-11
Evaluate (18 - 36) + 20 - (-2 + 1).
3
What is the value of -6 - ((26 - 6) + -21)?
-5
Evaluate 44 - 74 - (-22 + 7).
-15
Calculate 20 + (-35 - (-31 - -11)).
5
What is the value of (29 - 18) + -50 + 18 + 1 + -1?
-21
What is 2 + 15 + -15 - (-20 + 6 + -3)?
19
What is the value of (0 - -7) + -21 + (-26 - -39)?
-1
Calculate -25 + -59 + 85 + -1 + -2 + -14.
-16
2 + (11 - 27) - -2
-12
12 + -1 + 1 + (62 - 49)
25
What is the value of 2 + -23 + (-652 - -651)?
-22
What is (-22 - -24) + (-4 - -14)?
12
Calculate 14 + -7 - (4 - (0 + 5 + -3)).
5
Calculate -9 + 17 - (3 + -2).
7
6 - (-22 + (9 - 0))
19
What is the value of -22 + -17 + 20 + 19?
0
Evaluate 11 - (-20 + 3 - -20).
8
Calculate (0 - (-2 + -6 - (4 + -11))) + 2.
3
Evaluate 49 + -6 + 5 - (-56 + 68).
36
What is 10 + (-2 - (-7 - -5)) + 5 + 4?
19
Calculate -37 - -101 - 62 - (-4 + 0).
6
What is the value of 1 + 6 + (1 - -2) + -10?
0
Evaluate 10 - -14 - (78 + -60).
6
What is the value of (18 - (34 - 17)) + (5 - 1)?
5
Evaluate 2 - 0 - 4 - (25 + -27).
0
What is the value of 2 + 0 + (24 - 29)?
-3
Evaluate -8 + (11 - (3 - -10)).
-10
Evaluate -21 + 54 + -20 - (34 + 3).
-24
Calculate -5 + (3 - 1) + (-262 - -252).
-13
Calculate (2 + -11 + -18 - -7) + -2.
-22
Calculate (-7 - -22) + -10 - (2 + 6) - -19.
16
Calculate 272 - 257 - (-1 - -21).
-5
What is 22 + -30 + (6 + -5 - -11)?
4
What is (2 + 0 - -1) + (-5 + -14 - -24)?
8
Evaluate 12 - (3 + (-2 - -4)) - 2.
5
(3 - 11) + (-14 - -9) + 1
-12
Evaluate -16 + 7 + 2 + -5 + 9.
-3
(-41 - -20 - -17) + 8
4
What is 14 + -5 + -12 + -6?
-9
Calculate 3 - (-8 - ((0 - 7) + 0 + -22)).
-18
What is -8 + 11 + -4 + (-1 - (-6 - 8))?
12
Evaluate -13 - (1 + (-6 + 2 - 2) - -2).
-10
Evaluate 5 - 4 - (10 - 13).
4
What is the value of 36 + 2 + (-231 - -195)?
2
Evaluate 48 + (16 - 96) + (0 - -6).
-26
What is the value of 5 + 0 - (62 + -41 + -43)?
27
What is -1 + (9 + -11 - -7) + 3?
7
Calculate 24 - (10 + 6 + 10).
-2
What is -10 - ((30 - 20) + -16 + 0)?
-4
(-3 - (-8 + 4)) + (4 - 6) - -2
1
-6 - (-1 - (8 - 5) - -21) - 8
-31
What is the value of 3 + -1 + 0 + -4 - (-1 + -12)?
11
What is the value of 2 - (4 + 0) - (-30 + 13 - -13)?
2
2 - 1 - -8 - -8
17
-27 - (-13 + (-4 - -9) + -2 + 3)
-20
Calculate (-13 - (-7 - 2)) + -3 - 8.
-15
Evaluate -14 + 8 - (-4 - -6).
-8
Evaluate -29 + -16 + (20 - -27).
2
Calculate 86 + -76 + -22 + 0.
-12
What is -9 + 7 + -83 + 60?
-25
What is the value of (39 - (-4 - -34)) + (2 - 3) + -43?
-35
Evaluate -3 + (-13 - -36 - 24) + (8 - 0).
4
What is (30 - 21) + -10 + -2 + -8?
-11
Calculate 0 - 0 - (-79 + 71).
8
What is the value of -1 - (5 + 1 + -13)?
6
What is -42 + -5 + 43 - (4 + -1)?
-7
Calculate 7 - ((0 - 4) + 12).
-1
(18 - (-9 + 0)) + -5 + 7 - 8
21
22 + -27 + -8 - (2 + -6 + -2)
-7
27 - (8 + (-9 - (15 + -7 + -3)))
33
Calculate -2 + (31 - (2 + 11)).
16
What is -6 + (-25 - -10 - -32) - (6 + 2)?
3
(-5 + 5 - -9) + -28 + 5
-14
Evaluate -1 + -1 + 1 + (-19 - -39).
19
Calculate (1217 - 1255) + -1 + 10.
-29
(-12 - (-1 + -5)) + 6 + (1 - 10)
-9
Evaluate -23 + 30 - (3 - 1 - -6).
-1
Evaluate (3 - 0) + (12 + -11 - 2).
2
Calculate 6 + -2 - (-5 + 7 + -3 - 2).
7
Calculate -1 - (10 + -9 + -11 + 7 - 10).
12
Evaluate 2 + -12 + (-1 - (9 - 4) - 15).
-31
What is the value of 3 + -7 + (-3 + (2 - -3) - 2)?
-4
What is the value of (-32 + 34 - 20) + -11?
-29
Evaluate -21 + 18 + 30 - 1.
26
13 + -1 + (-2 - (21 - 16 - 15))
20
Evaluate -16 - (9 - 13) - -22.
10
(2 - 1 - 8) + 8
1
What is the value of 1 + 42 - (1563 + -1539)?
19
What is -13 + 28 + (-12 - (-4 + -3))?
10
-3 + -1 + 1 - -9 - (17 - 10)
-1
Evaluate -2 - -2 - (-7 + 34 - (27 + -18)).
-18
(-20 - -17) + 10 + (2 - 11) + 0
-2
What is (-29 - -42) + 0 + -3 + 1 + 4?
15
Calculate 8 + -3 + 3 - ((-25 - -14) + 21).
-2
Evaluate (-2 - -36) + (-87 - -28).
-25
Calculate -182 - -187 - (-3 + -1 - -27).
-18
Evaluate -4 + (-1 - (-7 + -1)) + (-7 - -4).
0
Evaluate 5 - (2 - 2) - ((-5 - 2) + 3).
9
Evaluate -5 + -1 + (11 - 12 - (15 + -2)).
-20
What is the value of (5 + (-6 - 0 - -1) - 7) + 13?
6
Calculate 25 + 18 + -20 - 9.
14
10 + 1 + -2 - 7 - 2
0
What is the value of (6 - (-12 + 3 + 5)) + 4?
14
Evaluate -33 - (32 + -49) - -13.
-3
What is -2 - (1 + 15 - 6) - -13?
1
Calculate (6 + (-9 - 2) - -11) + -7 - 14.
-15
What is -12 - (-20 - (-13 + 6))?
1
What is 53 + -63 + (0 - 2) + -1?
-13
What is (-10 - 0 - 3) + 7 + -3 + -1?
-10
Evaluate 29 - (-5 - (2 - 23)).
13
What is -2 - (-10 - (-10 + 3)) - -2?
3
Calculate 1 - (-10 - (-12 - -4) - -3).
0
What is 5 + 4 + -3 + 5 + 6?
17
10 - (4 + 16) - -19
9
What is -377 + 379 + -2 + -8 + -1?
-9
What is the value of (20 - 18 - (2 - (-5 + 9))) + 12?
16
What i